 2/(-7). Let a(r) = w + 9 - 3 - r. Give a(i).
4
Let l = -9 - -14. Let j(x) = -x**2 + 6*x + 1. Determine j(l).
6
Let y(c) = -3 + 3*c + 4 - 3. Let t(f) = 10*f - 7. Let k(b) = 2*t(b) - 7*y(b). Give k(-2).
2
Let r(l) be the third derivative of -l**6/120 + 7*l**5/60 - l**4/24 + 4*l**3/3 + 6*l**2. Determine r(7).
1
Let a(y) = 11*y + 8. Let j(o) = 7*o + 5. Let u(f) = -5*a(f) + 8*j(f). Let z(s) = -s**2 - 8*s - 7. Let d be z(-7). Let l = 4 - d. Calculate u(l).
4
Let y = -49 + 48. Let p(n) = 12*n**3 + n + 1. Give p(y).
-12
Let q(c) = -c**3 - 6*c**2 - 5*c + 3. Let k(z) be the second derivative of z**3/6 - z**2/2 + 2*z. Let p(n) = -k(n) - q(n). What is p(-5)?
3
Let a = -1 - 0. Let t(q) be the first derivative of -2*q**2 - q - 1. Give t(a).
3
Let g(m) = -m**2 + 4*m - 6. Let x = -39 - -43. Give g(x).
-6
Let d = -1 + 4. Let y(x) = 15*x - 25*x + 11*x. What is y(d)?
3
Let x(l) be the second derivative of -l**5/20 - l**4/3 + l**3/6 - 2*l**2 + 4*l. Determine x(-5).
16
Let m(f) = -5*f + 2. Let q(u) = -9*u + u**2 + 2 - 3*u**2 + 3*u**2 - 2*u**2. Let h be q(-9). Suppose -h*b = 3*b - 10. Give m(b).
-8
Let x(f) be the first derivative of 2*f + 5 + 14 + f**2 - 14. Determine x(-2).
-2
Let j = -200 - -209. Let s(o) = o**2 - 7*o - 11. Determine s(j).
7
Let z(i) = -4 + 4*i**2 - 2*i**2 + 2 + 1. Determine z(1).
1
Suppose -n + 3 = -1. Suppose 0 = n*g - 5*u + 4, -5*g - u = -g - 20. Suppose o - l = -3, g*l - 5*l = 2. Let a(p) = -p**3 - 5*p**2 + 4. Calculate a(o).
4
Let z be (-4)/8*-3*2. Suppose 0*d = -d + z. Suppose d*g = -3*a + 9, a - g + 5 = 4*a. Let u(k) = 4*k**3 - k. Determine u(a).
3
Let v(q) = -2*q - 2. Suppose -4*m = 3*a + m - 19, -2*m = -10. Let i be (a/(-6))/((-1)/(-18)). Determine v(i).
-14
Suppose 4*j = 6*k - 3*k, 3*j - 2*k = 0. Let f(l) be the second derivative of 3*l - 1/6*l**3 + 0 + j*l**2. Give f(4).
-4
Let k(u) = u - 1. Let p(z) = -3*z + 13. Let t(a) = 6*k(a) + p(a). Let g be (2/(-4))/(4/48). What is t(g)?
-11
Let z(d) = d + 3. Suppose -5*c - h + 30 = 8, 2*c + 5*h - 18 = 0. Let s(v) = v**2 - 3*v - 5. Let w be s(c). Let o be w/2 - (-35)/(-10). Determine z(o).
-1
Let f(p) = p**3 + 4*p**2 - p + 2. Let o(d) = -d**3 - 4*d**2 + 2*d + 4. Let k be o(-4). Let h(u) = -u - 3. Let c be h(k). Suppose -3*t + c = 13. What is f(t)?
6
Let u be (-5)/150*(33/(-6) + 3). Let g(n) be the second derivative of 0 + 1/20*n**5 - 2/3*n**3 + 4*n + n**2 - u*n**4. Determine g(3).
8
Let f(g) = -g**2 + 10*g - 8. Let m be f(8). Let c = m - 12. Let u(n) = -2*n**2 - 6*n. Give u(c).
-8
Let n(i) = -i**3 - 5*i**2 - 2*i - 4. Let r = 14 - 9. Suppose r*o = 3*q + 3, 6*o - 4*o = -q + 10. Suppose -10 = -2*b - q*l, -b - 25 = -7*l + 3*l. Determine n(b).
6
Let i(c) be the second derivative of -c**3/6 - c**2/2 - 2*c. Let u(w) = w**2 + 5*w + 4. Let a be u(-5). Let j be i(a). Let f(y) = 2*y + 3. Determine f(j).
-7
Let j be 28/126 + (-65)/9. Let r(x) = x + 4. What is r(j)?
-3
Let p(q) = q - 8. Let d(r) = r**2 + 4*r - 1. Let b(l) = l**3 + 8*l**2 - 10. Let k be b(-8). Let u be (-78)/15 - 2/k. Let n be d(u). What is p(n)?
-4
Let o(k) = -k**3 + 7*k**2 - k + 2. Suppose 2*r + 5*h = 5 - 1, r + 4*h + 1 = 0. Calculate o(r).
-5
Let t(l) = -4*l - l**3 + 7*l**2 + 6 - 4*l + 2*l**2. Let p be t(9). Let z be p/15 + (-4)/(-10). Let m(y) = -y**3 - 3*y**2 + 6*y + 1. Determine m(z).
-7
Let o(f) = -2*f - 7. Suppose 5*h - 4 = 3*h. Suppose -3 = w + h. Determine o(w).
3
Let n(s) = 10*s**2 - 7*s - 2. Let a(m) = -3*m**2 + 2*m + 1. Let f(i) = 7*a(i) + 2*n(i). What is f(0)?
3
Let q = 10 - 4. Let w(u) = u**2 - 10*u - 10. Let b(v) = -v**2 + 11*v + 11. Suppose 3*k - 10 = 5. Let n(y) = k*b(y) + 6*w(y). Calculate n(q).
1
Let d(b) = -3*b + 2*b + 4*b. What is d(2)?
6
Let h(v) = 1. Let r(n) = -6*n - 3. Let p(i) = -4*h(i) - r(i). Calculate p(1).
5
Let n(g) be the first derivative of -4 + 5/2*g**2 + 1/4*g**4 - 2*g**3 - 5*g. Determine n(5).
-5
Let m(v) = v + 2. Let i(a) = -a**2 - a + 4. Let w be i(-5). Let t be (-8)/12 + w/(-6). Determine m(t).
4
Let a(m) = 8 + 4*m**3 + 5*m - 3*m**3 + 50*m**2 - 57*m**2. Give a(6).
2
Let b = 12 + -18. Let r(f) = -f**3 - 7*f**2 - 7*f - 3. Give r(b).
3
Let b be 2*6/8*2. Let r(s) = -b*s**2 + 4*s**2 + 0*s**2 - s. Let o(m) = m**2 + m - 4. Let k(i) = -o(i) + 2*r(i). What is k(3)?
4
Let w(b) = 0 - 6 - b + 0 - 3. Give w(-6).
-3
Let d(o) = o**3 - 2*o**2 - 3*o - 6. Let g(k) = 4*k**3 - 7*k**2 - 12*k - 24. Let t(q) = 9*d(q) - 2*g(q). Give t(5).
4
Let j(v) = v**2 + 8*v + 6. Let u(n) = -5*n**2 + n - 1. Let o be u(-1). Give j(o).
-1
Let h(f) = -3*f - 1. Let m(y) = 2*y + 1. Let a(u) = 3*h(u) + 2*m(u). Give a(1).
-6
Let o(a) = -2*a**2 - 6*a + 5. Suppose -33*z + 39*z + 30 = 0. Determine o(z).
-15
Let z be ((-5)/2)/(3/6). Let t(r) = 9 + 3 + 6*r - 2*r**2 + 3*r**2 - 7. Give t(z).
0
Let b(c) = -97*c - 9*c**2 + 57*c + c**3 + 8 + 48*c. What is b(8)?
8
Let a(o) = -o. Let i(z) = z**2 - 2*z - 2. Let c be i(6). Suppose s + c = 3*m - s, -m - 21 = 5*s. Calculate a(m).
-4
Let m(p) = -p - 21. Let q(z) = -7. Let w(c) = 2*m(c) - 7*q(c). Suppose -2*g = -9 - 3. Let x be w(g). Let t(j) = -j**3 - 4*j**2 + 3*j - 6. Calculate t(x).
4
Let o(y) be the second derivative of -y**5/60 - y**4/12 + y**3/3 - y**2 + 3*y. Let l(h) be the first derivative of o(h). Suppose 1 = -c - 1. What is l(c)?
2
Let r(c) = -6*c - 1. Let j be (1/(-1))/(7/7). Give r(j).
5
Let p(y) = y - 18. Let s = 18 + -4. Give p(s).
-4
Suppose -4*o + 2 = -2. Let m(a) = -a**3 - a**2. Calculate m(o).
-2
Let r(f) = f - 2. Let x be -3 + 4 - (-1)/1. Determine r(x).
0
Let d(u) = u + 2. Suppose -22 = -20*p + 9*p. Calculate d(p).
4
Let l(o) = -o**3 - 3*o**2 + 5*o + 5. Let g be l(-4). Let x(z) = -z**2 + 0*z**2 + g + z - 6*z + 2*z**2. Determine x(6).
7
Let n(f) = f**3 - 4*f**2 - 5*f + 3. Suppose g - 6 = -2*g. Suppose -4*z - 2*j - 13 = -37, -g*z + 6 = -2*j. Give n(z).
3
Let d(w) be the third derivative of -w**8/6720 + w**7/840 + w**6/720 - w**5/40 - w**4/24 + 2*w**2. Let x(l) be the second derivative of d(l). What is x(3)?
0
Let l(f) be the third derivative of f**4/24 + 5*f**3/6 - f**2. Let h(p) = 11*p**2 + 1. Let m be h(-1). Suppose -20 = -3*a - 2*o - 4, -4*o + m = a. What is l(a)?
9
Let u(i) be the third derivative of i**5/60 + 5*i**4/24 + i**3/3 + 16*i**2. Determine u(-6).
8
Let a(u) be the first derivative of 13*u**4/4 + 2*u**3/3 + u**2 + u - 15. Calculate a(-1).
-12
Suppose -72 = -z - 7*z. Let b(h) = h**3 - 10*h**2 + 7*h + 10. Determine b(z).
-8
Let b(i) = -i**2 - 3*i + 7. Let s = 71 - 76. Calculate b(s).
-3
Let q be 4/14 - (-9)/(-7). Let s(p) = p**3 + 1 + 61*p - 30*p - 30*p. Calculate s(q).
-1
Let p(s) be the first derivative of 3*s**2/2 + 2*s - 1. Calculate p(-3).
-7
Let j(l) be the first derivative of -l**2/2 + 3*l - 22. Calculate j(0).
3
Let p(l) = -l**3 + 4*l**2 - 1. Let j = 34 - 30. What is p(j)?
-1
Let c(k) = k**3 - 7*k**2 + 8*k - 5. Let v be 62/10 + 3/(-15). What is c(v)?
7
Let u(d) = d**2 - 4*d - 2 + 4*d + 0*d + 3*d. Calculate u(-2).
-4
Let v(p) = 7*p**2 - p + 1. Let y(b) = 3*b - b**2 + 0 + 1 + 2*b**2. Let r be y(-3). Suppose r = -3*w + 4. Calculate v(w).
7
Let u(o) = o**2 + 7*o + 4. Let j(k) = -2*k**3 + 2*k**2 + 1. Let t be j(2). Calculate u(t).
4
Let z(s) = -2*s - 6. Let k = -1 - 4. Let f be z(k). Let a(q) = q**3 - 5*q**2 + 3*q + 2. Give a(f).
-2
Let y(v) be the first derivative of -v**2 + 2*v + 1. Suppose 14*w = 16*w + 10. Determine y(w).
12
Let t be (-2 + (-4)/(-2))/(-1). Let y = -3 - -6. Let h(p) = 5*p**2 + y + 1 - 4*p**2 + p**3. Calculate h(t).
4
Let n be (-8)/2 + 6 + 0. Let p(t) = 3*t**n + 1 + 5*t - 11*t**3 + 17*t**3 - 7*t**3. What is p(4)?
5
Suppose 0 = 5*z + q - 5*q + 1, -5*q = -3*z - 11. Suppose -z*g = g + 16. Let p(t) = -7*t - 9. Let j(h) = -3*h - 4. Let k(r) = -5*j(r) + 2*p(r). Calculate k(g).
-2
Let d(l) be the third derivative of -l**5/60 + l**3/3 - l**2. Suppose -5*z + 5*k + 35 = 0, 25 = 5*z - 0*k - 3*k. Determine d(z).
-2
Let g(i) = -i + 5. Suppose 4*r + 4*y - 20 = -0, -2*y = -5*r - 3. Let d be 8/r + 5 + -8. Determine g(d).
0
Suppose 3*m = 2*n - 16, -n + 8 = -3*m - 6. Let c be (-10)/16*-2*m. Let r(x) = -3 - 1 - 1 - x. Calculate r(c).
0
Let r be 10/(-2)*1/(-1). Let k(d) be the first derivative of 1/2*d**2 - 4*d + 2. What is k(r)?
1
Let z(j) = -2*j**2. Let b be z(-1). Let m = 1 - b. Suppose 0*c - 3 = m*c. Let a(t) = -t - 1. What is a(c)?
0
Let u(g) = 7*g + 2. Let z(b) = 4*b + 1